{"id":2606,"date":"2022-07-21T12:10:27","date_gmt":"2022-07-21T10:10:27","guid":{"rendered":"https:\/\/webdevconsulting.fr\/test4\/?page_id=2606"},"modified":"2022-07-21T12:10:29","modified_gmt":"2022-07-21T10:10:29","slug":"conditions-generales-dutilisation","status":"publish","type":"page","link":"https:\/\/webdevconsulting.fr\/test4\/conditions-generales-dutilisation\/","title":{"rendered":"Conditions g\u00e9n\u00e9rales d&rsquo;utilisation"},"content":{"rendered":"\n<p><strong>1\/ Informations \u00e9diteur<\/strong><br>Les conditions g\u00e9n\u00e9rales ci-dessous d\u00e9terminent l\u2019utilisation du site smartbib.fr est un site vitrine. Aucune transaction financi\u00e8re n\u2019est r\u00e9alis\u00e9e sur ce site.<br>Le site smartbib.fr est la propri\u00e9t\u00e9 d\u2019Expo-Dispo Solutions Entreprises. Il est \u00e9galement g\u00e9r\u00e9 par cette m\u00eame soci\u00e9t\u00e9.<br>L\u2019utilisation de ce site, sous-entend que vous avez lu, compris et accept\u00e9 de respecter les conditions d\u2019utilisation.<\/p>\n\n\n\n<p><strong>2\/ H\u00e9bergement du site<\/strong><br>L\u2019h\u00e9bergement du site est assur\u00e9 par : OVH<\/p>\n\n\n\n<p><strong>3 \/ Droit d&rsquo;auteur<br><\/strong>L\u2019ensemble de ce site rel\u00e8ve de la l\u00e9gislation fran\u00e7aise et internationale sur le droit d\u2019auteur et la propri\u00e9t\u00e9 intellectuelle. Tous les droits de reproduction sont r\u00e9serv\u00e9s pour toute forme d\u2019utilisation. En particulier, la reproduction des \u00e9l\u00e9ments graphiques du site, le t\u00e9l\u00e9chargement complet du site pour son enregistrement sur un support de diffusion, ainsi que toute utilisation des visuels, des textes et des documents t\u00e9l\u00e9chargeables qu\u2019il contient autre que la consultation individuelle et priv\u00e9e sont interdits sauf autorisation expresse d\u2019Expo-Dispo Solutions Entreprises.<br>La reproduction des textes de ce site sur un support papier est autoris\u00e9e, sous r\u00e9serve du respect des conditions suivantes :<br>\u2013 Gratuit\u00e9 de la diffusion,<br>\u2013 Usage priv\u00e9 sans aucune vis\u00e9e commerciale,<br>\u2013 Respect de l\u2019int\u00e9grit\u00e9 des documents reproduits : aucune sorte de modification ou d\u2019alt\u00e9ration ,<br>\u2013 Citation claire et lisible de la source : l\u2019adresse internet du site boulleret.fr doit imp\u00e9rativement figurer en r\u00e9f\u00e9rence.<\/p>\n\n\n\n<p><strong>4\/ Lien avec des sites tiers<\/strong><br>Les sites reli\u00e9s directement ou indirectement au site ne sont pas sous son contr\u00f4le. Par cons\u00e9quent, Smart Bib n\u2019assume aucune responsabilit\u00e9 quant aux informations publi\u00e9es sur ces sites. Les liens dirigeant vers des sites tiers ne sont communiqu\u00e9s qu\u2019\u00e0 titre de commodit\u00e9 et n\u2019impliquent aucune caution quant \u00e0 leur contenu.<\/p>\n\n\n\n<p><strong>5\/ Responsabilit\u00e9<\/strong><br>La responsabilit\u00e9 de Smart Bib ne saurait \u00eatre retenue en cas de pr\u00e9judice direct ou indirect (notamment tout pr\u00e9judice financier, commercial, perte de programmes ou de donn\u00e9es) r\u00e9sultant de l\u2019usage de son site et de l\u2019utilisation des donn\u00e9es et informations qui y sont mises en ligne. En particulier, Smart Bib d\u00e9cline toute responsabilit\u00e9 \u00e0 l\u2019\u00e9gard de tout dommage li\u00e9 \u00e0 l\u2019utilisation des liens hypertexte mis en ligne sur son site et \u00e0 la consultation des sites auxquels ils renvoient. Il est express\u00e9ment rappel\u00e9 que Smart Bib n\u2019a aucun contr\u00f4le ni aucune responsabilit\u00e9 sur le contenu de ces sites. Il incombe donc \u00e0 chaque internaute de prendre les pr\u00e9cautions n\u00e9cessaires afin de s\u2019assurer que le site s\u00e9lectionn\u00e9 pour son usage n\u2019est pas infest\u00e9 de virus ou autre parasite de nature destructive.<\/p>\n\n\n\n<p><strong>6\/ Politique de protection des donn\u00e9es \u00e0 caract\u00e8re personnel<\/strong><br>En accord avec le R\u00e8glement G\u00e9n\u00e9ral sur la Protection des Donn\u00e9es (mis en place \u00e0 partir du 25 mai 2018) et parce que Smart Bib attache une importance primordiale \u00e0 l\u2019aspect humain du commerce, nous souhaitons faire preuve de transparence envers nos clients.<\/p>\n\n\n\n<p>Quelles sont les donn\u00e9es personnelles recueillies par Smart Bib? :<\/p>\n\n\n\n<p>N\u00e9cessaires pour envoyer un message \u00e0 partir des formulaires de contact:<\/p>\n\n\n\n<p>_ Nom\/Pr\u00e9nom<\/p>\n\n\n\n<p>_ Adresse mail<\/p>\n\n\n\n<p>_ Adresse postale<\/p>\n\n\n\n<p>_ Num\u00e9ro de t\u00e9l\u00e9phone<\/p>\n\n\n\n<p>_ Raison sociale<\/p>\n\n\n\n<p>Comment sont utilis\u00e9es ces donn\u00e9es personnelles ?<\/p>\n\n\n\n<p>Chez Smart Bib, nous avons \u00e0 c\u0153ur de respecter et prot\u00e9ger les donn\u00e9es personnelles de nos prospects. C\u2019est pourquoi seule notre \u00e9quipe y a acc\u00e8s, et ne s\u2019y reporte que pour prendre contact avec vous suite \u00e0 une demande effectuer via les formulaires de contact par vos soins.<\/p>\n\n\n\n<p>Les donn\u00e9es personnelles recueillies par Smart Bib sont-elles partag\u00e9es ?<\/p>\n\n\n\n<p>Smart Bib ne partage vos donn\u00e9es personnelles avec aucun autre organisme, ne les vend pas, et ne d\u00e9voile aucune autre information que vous pourriez nous donner au cours de nos \u00e9changes (telle que votre \u00e2ge, votre profession, vos orientations politiques, philosophiques, etc.).<\/p>\n\n\n\n<p>Combien de temps sont conserv\u00e9es vos donn\u00e9es ?<\/p>\n\n\n\n<p>En accord avec l\u2019article L123-22 du Code de la Consommation et afin de pouvoir r\u00e9pondre \u00e0 tout contr\u00f4le comptable, Smart Bib conserve les donn\u00e9es relatives \u00e0 ses prospects durant 10 ans.<\/p>\n\n\n\n<p>La conservation de ces donn\u00e9es nous permet par ailleurs de r\u00e9pondre au mieux \u00e0 vos demandes effectu\u00e9es via les formulaires se trouvant sur le site Smart Bib<\/p>\n\n\n\n<p>Est-il possible de demander la suppression de vos donn\u00e9es ?<\/p>\n\n\n\n<p>Comme le pr\u00e9voit la loi, vous disposez d\u2019un droit de regard, de modification et de suppression de vos donn\u00e9es personnelles. Vous pouvez adresser toutes vos demandes pour la modification ou suppression de vos donn\u00e9es personnelles de notre syst\u00e8me \u00e0 :<\/p>\n\n\n\n<p>Expo Dispo Solutions Entreprises<\/p>\n\n\n\n<p>7 rue des Moines<\/p>\n\n\n\n<p>91460 Marcoussis<\/p>\n\n\n\n<p>POLITIQUE DE PROTECTION DES DONN\u00c9ES \u00c0 CARACT\u00c8RE PERSONNEL<\/p>\n\n\n\n<p>En accord avec le R\u00e8glement G\u00e9n\u00e9ral sur la Protection des Donn\u00e9es (mis en place \u00e0 partir du 25 mai 2018) et parce que Kidi Car attache une importance primordiale \u00e0 l\u2019aspect humain du commerce, nous souhaitons faire preuve de transparence envers nos clients.<\/p>\n\n\n\n<p>Quelles sont les donn\u00e9es personnelles recueillies par Smart Bib? :<\/p>\n\n\n\n<p>N\u00e9cessaires pour envoyer un message \u00e0 partir des formulaires de contact:<\/p>\n\n\n\n<p>_ Nom\/Pr\u00e9nom<\/p>\n\n\n\n<p>_ Adresse mail<\/p>\n\n\n\n<p>Comment sont utilis\u00e9es ces donn\u00e9es personnelles?<\/p>\n\n\n\n<p>Chez Smart Bib, nous avons \u00e0 c\u0153ur de respecter et prot\u00e9ger les donn\u00e9es personnelles de nos clients. C\u2019est pourquoi seule notre \u00e9quipe y a acc\u00e8s, et ne s\u2019y reporte que pour prendre contact avec vous suite \u00e0 une demande effectuer via les formulaires de contact par vos soins.<\/p>\n\n\n\n<p>Les donn\u00e9es personnelles recueillies par Smart Bib sont-elles partag\u00e9es?<\/p>\n\n\n\n<p>Smart Bib ne partage vos donn\u00e9es personnelles avec aucun autre organisme, ne les vend pas, et ne d\u00e9voile aucune autre information que vous pourriez nous donner au cours de nos \u00e9changes (telle que votre \u00e2ge, votre profession, vos orientations politiques, philosophiques , etc.).<\/p>\n\n\n\n<p>Combien de temps sont conserv\u00e9es vos donn\u00e9es?<\/p>\n\n\n\n<p>En accord avec l\u2019article L123-22 du Code de la Consommation et afin de pouvoir r\u00e9pondre \u00e0 tout contr\u00f4le comptable, Smart Bib conserve les donn\u00e9es relatives aux commandes 10 ans. Pour rappel, nous n\u2019avons pas acc\u00e8s et ne conservons donc pas vos coordonn\u00e9es bancaires ni votre mot de passe.<\/p>\n\n\n\n<p>La conservation de ces donn\u00e9es nous permet par ailleurs de r\u00e9pondre au mieux aux demandes de Service Apr\u00e8s Vente, ainsi qu\u2019\u00e0 faire tenir inform\u00e9s les clients d\u00e9sireux de nos nouveaut\u00e9s ou bons plans du moment via des emails group\u00e9s.<\/p>\n\n\n\n<p>Est-il possible de demander la suppression de vos donn\u00e9es?<\/p>\n\n\n\n<p>Comme le pr\u00e9voit la loi, vous disposez d\u2019un droit de regard, de modification et de suppression de vos donn\u00e9es personnelles. Vous pouvez adresser toutes vos demandes pour la modification ou suppression de vos donn\u00e9es personnelles de notre syst\u00e8me \u00e0 :<\/p>\n\n\n\n<p>Expo Dispo Solutions Entreprises<\/p>\n\n\n\n<p>7 rue des Moines<\/p>\n\n\n\n<p>91460 Marcoussis<\/p>\n\n\n\n<p>Attention cependant, si vous \u00eates en possession d\u2019un produit toujours sous garantie, pensez \u00e0 prendre les dispositions n\u00e9cessaires pour pouvoir faire appel \u00e0 notre Service Apr\u00e8s Vente en cas de probl\u00e8me!<\/p>\n\n\n\n<p>Pour r\u00e9sumer,<\/p>\n\n\n\n<p>Lorsque vous transmettez vos donn\u00e9es personnelles sur notre site :<\/p>\n\n\n\n<p>Les informations recueillies sur ce formulaire sont enregistr\u00e9es dans un fichier informatis\u00e9 par Monsieur Philippe Baby-Marinpouy, notre responsable du traitement des donn\u00e9es, et utilis\u00e9 pour le traitement des commandes.<\/p>\n\n\n\n<p>Elles sont conserv\u00e9es pendant 10 ans et sont destin\u00e9es \u00e0 SAS Expo-Dispo Solutions Entreprises Conform\u00e9ment \u00e0 la loi \u00ab informatique et libert\u00e9s \u00bb, vous pouvez exercer votre droit d&rsquo;acc\u00e8s aux donn\u00e9es vous concernant et les faire rectifier en contactant : Expo-Dispo Solutions Entreprises, 7 rue des Moines, 91460 Marcoussis (France).<\/p>\n\n\n\n<p><\/p>\n","protected":false},"excerpt":{"rendered":"<p>1\/ Informations \u00e9diteurLes conditions g\u00e9n\u00e9rales ci-dessous d\u00e9terminent l\u2019utilisation du site smartbib.fr est un site vitrine. Aucune transaction financi\u00e8re n\u2019est r\u00e9alis\u00e9e sur ce site.Le site smartbib.fr est la propri\u00e9t\u00e9 d\u2019Expo-Dispo Solutions Entreprises. Il est \u00e9galement g\u00e9r\u00e9 par cette m\u00eame soci\u00e9t\u00e9.L\u2019utilisation de ce site, sous-entend que vous avez lu, compris et accept\u00e9 de respecter les conditions d\u2019utilisation. &hellip; <a href=\"https:\/\/webdevconsulting.fr\/test4\/conditions-generales-dutilisation\/\" class=\"more-link\">Continue reading <span class=\"screen-reader-text\">Conditions g\u00e9n\u00e9rales d&rsquo;utilisation<\/span><\/a><\/p>\n","protected":false},"author":2,"featured_media":0,"parent":0,"menu_order":0,"comment_status":"closed","ping_status":"closed","template":"","meta":[],"yoast_head":"<!-- This site is optimized with the Yoast SEO plugin v18.9 - https:\/\/yoast.com\/wordpress\/plugins\/seo\/ -->\n<title>Conditions g\u00e9n\u00e9rales d&#039;utilisation - Smart BIB<\/title>\n<meta name=\"robots\" content=\"index, follow, max-snippet:-1, max-image-preview:large, max-video-preview:-1\" \/>\n<link rel=\"canonical\" href=\"https:\/\/webdevconsulting.fr\/test4\/conditions-generales-dutilisation\/\" \/>\n<meta property=\"og:locale\" content=\"fr_FR\" \/>\n<meta property=\"og:type\" content=\"article\" \/>\n<meta property=\"og:title\" content=\"Conditions g\u00e9n\u00e9rales d&#039;utilisation - Smart BIB\" \/>\n<meta property=\"og:description\" content=\"1\/ Informations \u00e9diteurLes conditions g\u00e9n\u00e9rales ci-dessous d\u00e9terminent l\u2019utilisation du site smartbib.fr est un site vitrine. Aucune transaction financi\u00e8re n\u2019est r\u00e9alis\u00e9e sur ce site.Le site smartbib.fr est la propri\u00e9t\u00e9 d\u2019Expo-Dispo Solutions Entreprises. Il est \u00e9galement g\u00e9r\u00e9 par cette m\u00eame soci\u00e9t\u00e9.L\u2019utilisation de ce site, sous-entend que vous avez lu, compris et accept\u00e9 de respecter les conditions d\u2019utilisation. &hellip; Continue reading Conditions g\u00e9n\u00e9rales d&rsquo;utilisation\" \/>\n<meta property=\"og:url\" content=\"https:\/\/webdevconsulting.fr\/test4\/conditions-generales-dutilisation\/\" \/>\n<meta property=\"og:site_name\" content=\"Smart BIB\" \/>\n<meta property=\"article:modified_time\" content=\"2022-07-21T10:10:29+00:00\" \/>\n<meta name=\"twitter:card\" content=\"summary_large_image\" \/>\n<meta name=\"twitter:label1\" content=\"Dur\u00e9e de lecture estim\u00e9e\" \/>\n\t<meta name=\"twitter:data1\" content=\"6 minutes\" \/>\n<script type=\"application\/ld+json\" class=\"yoast-schema-graph\">{\"@context\":\"https:\/\/schema.org\",\"@graph\":[{\"@type\":\"WebSite\",\"@id\":\"https:\/\/webdevconsulting.fr\/test4\/#website\",\"url\":\"https:\/\/webdevconsulting.fr\/test4\/\",\"name\":\"Smart BIB\",\"description\":\"Un site utilisant WordPress\",\"potentialAction\":[{\"@type\":\"SearchAction\",\"target\":{\"@type\":\"EntryPoint\",\"urlTemplate\":\"https:\/\/webdevconsulting.fr\/test4\/?s={search_term_string}\"},\"query-input\":\"required name=search_term_string\"}],\"inLanguage\":\"fr-FR\"},{\"@type\":\"WebPage\",\"@id\":\"https:\/\/webdevconsulting.fr\/test4\/conditions-generales-dutilisation\/#webpage\",\"url\":\"https:\/\/webdevconsulting.fr\/test4\/conditions-generales-dutilisation\/\",\"name\":\"Conditions g\u00e9n\u00e9rales d'utilisation - Smart BIB\",\"isPartOf\":{\"@id\":\"https:\/\/webdevconsulting.fr\/test4\/#website\"},\"datePublished\":\"2022-07-21T10:10:27+00:00\",\"dateModified\":\"2022-07-21T10:10:29+00:00\",\"breadcrumb\":{\"@id\":\"https:\/\/webdevconsulting.fr\/test4\/conditions-generales-dutilisation\/#breadcrumb\"},\"inLanguage\":\"fr-FR\",\"potentialAction\":[{\"@type\":\"ReadAction\",\"target\":[\"https:\/\/webdevconsulting.fr\/test4\/conditions-generales-dutilisation\/\"]}]},{\"@type\":\"BreadcrumbList\",\"@id\":\"https:\/\/webdevconsulting.fr\/test4\/conditions-generales-dutilisation\/#breadcrumb\",\"itemListElement\":[{\"@type\":\"ListItem\",\"position\":1,\"name\":\"Accueil\",\"item\":\"https:\/\/webdevconsulting.fr\/test4\/\"},{\"@type\":\"ListItem\",\"position\":2,\"name\":\"Conditions g\u00e9n\u00e9rales d&rsquo;utilisation\"}]}]}<\/script>\n<!-- \/ Yoast SEO plugin. -->","yoast_head_json":{"title":"Conditions g\u00e9n\u00e9rales d'utilisation - Smart BIB","robots":{"index":"index","follow":"follow","max-snippet":"max-snippet:-1","max-image-preview":"max-image-preview:large","max-video-preview":"max-video-preview:-1"},"canonical":"https:\/\/webdevconsulting.fr\/test4\/conditions-generales-dutilisation\/","og_locale":"fr_FR","og_type":"article","og_title":"Conditions g\u00e9n\u00e9rales d'utilisation - Smart BIB","og_description":"1\/ Informations \u00e9diteurLes conditions g\u00e9n\u00e9rales ci-dessous d\u00e9terminent l\u2019utilisation du site smartbib.fr est un site vitrine. Aucune transaction financi\u00e8re n\u2019est r\u00e9alis\u00e9e sur ce site.Le site smartbib.fr est la propri\u00e9t\u00e9 d\u2019Expo-Dispo Solutions Entreprises. Il est \u00e9galement g\u00e9r\u00e9 par cette m\u00eame soci\u00e9t\u00e9.L\u2019utilisation de ce site, sous-entend que vous avez lu, compris et accept\u00e9 de respecter les conditions d\u2019utilisation. &hellip; Continue reading Conditions g\u00e9n\u00e9rales d&rsquo;utilisation","og_url":"https:\/\/webdevconsulting.fr\/test4\/conditions-generales-dutilisation\/","og_site_name":"Smart BIB","article_modified_time":"2022-07-21T10:10:29+00:00","twitter_card":"summary_large_image","twitter_misc":{"Dur\u00e9e de lecture estim\u00e9e":"6 minutes"},"schema":{"@context":"https:\/\/schema.org","@graph":[{"@type":"WebSite","@id":"https:\/\/webdevconsulting.fr\/test4\/#website","url":"https:\/\/webdevconsulting.fr\/test4\/","name":"Smart BIB","description":"Un site utilisant WordPress","potentialAction":[{"@type":"SearchAction","target":{"@type":"EntryPoint","urlTemplate":"https:\/\/webdevconsulting.fr\/test4\/?s={search_term_string}"},"query-input":"required name=search_term_string"}],"inLanguage":"fr-FR"},{"@type":"WebPage","@id":"https:\/\/webdevconsulting.fr\/test4\/conditions-generales-dutilisation\/#webpage","url":"https:\/\/webdevconsulting.fr\/test4\/conditions-generales-dutilisation\/","name":"Conditions g\u00e9n\u00e9rales d'utilisation - Smart BIB","isPartOf":{"@id":"https:\/\/webdevconsulting.fr\/test4\/#website"},"datePublished":"2022-07-21T10:10:27+00:00","dateModified":"2022-07-21T10:10:29+00:00","breadcrumb":{"@id":"https:\/\/webdevconsulting.fr\/test4\/conditions-generales-dutilisation\/#breadcrumb"},"inLanguage":"fr-FR","potentialAction":[{"@type":"ReadAction","target":["https:\/\/webdevconsulting.fr\/test4\/conditions-generales-dutilisation\/"]}]},{"@type":"BreadcrumbList","@id":"https:\/\/webdevconsulting.fr\/test4\/conditions-generales-dutilisation\/#breadcrumb","itemListElement":[{"@type":"ListItem","position":1,"name":"Accueil","item":"https:\/\/webdevconsulting.fr\/test4\/"},{"@type":"ListItem","position":2,"name":"Conditions g\u00e9n\u00e9rales d&rsquo;utilisation"}]}]}},"_links":{"self":[{"href":"https:\/\/webdevconsulting.fr\/test4\/wp-json\/wp\/v2\/pages\/2606"}],"collection":[{"href":"https:\/\/webdevconsulting.fr\/test4\/wp-json\/wp\/v2\/pages"}],"about":[{"href":"https:\/\/webdevconsulting.fr\/test4\/wp-json\/wp\/v2\/types\/page"}],"author":[{"embeddable":true,"href":"https:\/\/webdevconsulting.fr\/test4\/wp-json\/wp\/v2\/users\/2"}],"replies":[{"embeddable":true,"href":"https:\/\/webdevconsulting.fr\/test4\/wp-json\/wp\/v2\/comments?post=2606"}],"version-history":[{"count":1,"href":"https:\/\/webdevconsulting.fr\/test4\/wp-json\/wp\/v2\/pages\/2606\/revisions"}],"predecessor-version":[{"id":2607,"href":"https:\/\/webdevconsulting.fr\/test4\/wp-json\/wp\/v2\/pages\/2606\/revisions\/2607"}],"wp:attachment":[{"href":"https:\/\/webdevconsulting.fr\/test4\/wp-json\/wp\/v2\/media?parent=2606"}],"curies":[{"name":"wp","href":"https:\/\/api.w.org\/{rel}","templated":true}]}}