{"id":2543,"date":"2022-06-15T14:23:29","date_gmt":"2022-06-15T12:23:29","guid":{"rendered":"https:\/\/webdevconsulting.fr\/test4\/?post_type=product&#038;p=2543"},"modified":"2022-06-21T15:07:22","modified_gmt":"2022-06-21T13:07:22","slug":"preparateur-de-biberon-smart-bib","status":"publish","type":"product","link":"https:\/\/webdevconsulting.fr\/test4\/produit\/preparateur-de-biberon-smart-bib\/","title":{"rendered":"Smart BIB"},"content":{"rendered":"<p><span id=\"p16\">Pr\u00e9parer un biberon de votre lit, \u00e0 la bonne temp\u00e9rature et sans grumeaux ni bulles d&rsquo;air.<\/span><span id=\"p17\">\u00a0C&rsquo;est d\u00e9sormais possible gr\u00e2ce au pr\u00e9parateur de biberon <a href=\"https:\/\/webdevconsulting.fr\/test4\/\">Smart\u00a0<span id=\"28\" class=\"s-rg-t\">BIB<\/span><\/a>\u00a0!<\/span><span id=\"p18\">\u00a0Votre nouvel alli\u00e9 dans votre quotidien avec b\u00e9b\u00e9.<\/span><\/p>\n<p><span id=\"p19\">Gr\u00e2ce au Smart\u00a0<span id=\"30\" class=\"s-rg-t\">Bib<\/span>,\u00a0<span id=\"31\" class=\"s-ve-t\">plus<\/span>\u00a0besoin de compter vos dosettes de lait en poudre, de v\u00e9rifier la temp\u00e9rature ni m\u00eame de m\u00e9langer votre biberon, le Smart\u00a0<span id=\"32\" class=\"s-rg-t\">Bib<\/span>\u00a0se charge de tout en 8\u00a0secondes !<\/span><span id=\"p20\">\u00a0\u00a0<\/span><\/p>\n<p><span id=\"p22\">Premi\u00e8rement le cadran lumineux et tactile. Le Smart <span id=\"41\" class=\"s-rg-t\">Bib<\/span>\u00a0vous permettra de lancer la pr\u00e9paration de votre biberon au bon dosage et \u00e0 la bonne temp\u00e9rature\u00a0<span id=\"p56\">(et pour ceux qui souhaitent aller encore plus loin, l&rsquo;application smartphone permet de configurer les doses et la temp\u00e9rature et de d\u00e9clencher la pr\u00e9paration du biberon de son t\u00e9l\u00e9phone)<\/span>.<\/span><\/p>\n<p><span id=\"p55\">Deuxi\u00e8mement, il vous servira aussi pour pr\u00e9parer un biberon en pleine nuit.<\/span><\/p>\n<p><span id=\"p24\">Enfin, Le stockage du lait en poudre dans un compartiment herm\u00e9tique est un gage de s\u00e9curit\u00e9 pour sa conservation.<\/span><\/p>\n<p><span id=\"p25\">Notre pr\u00e9parateur de biberon Smart\u00a0<span id=\"44\" class=\"s-rg-t\">Bib<\/span> est garanti sans BP<span id=\"45\" class=\"s-rg-t\">A<\/span>, pour assur\u00e9 le\u00a0bien-\u00eatre\u00a0de votre b\u00e9b\u00e9.<\/span><\/p>\n<p><span id=\"p54\">Le nettoyer est un jeu d&rsquo;enfant. De plus il est dot\u00e9 d&rsquo;une option de nettoyage automatique et les \u00e9l\u00e9ments peuvent \u00eatre mis au lave-vaisselle.<\/span><\/p>\n<p><span id=\"p27\">Ce produit\u00a0a\u00a0\u00e9t\u00e9 con\u00e7u par la\u00a0start-up\u00a0fran\u00e7aise\u00a0<a href=\"https:\/\/expodispo.fr\/\"><span id=\"52\">Expo-dispo<\/span><\/a><span id=\"53\">\u00a0.<\/span><\/span><\/p>\n<p>&nbsp;<\/p>\n","protected":false},"excerpt":{"rendered":"<p>D\u00e9couvre le tout premier pr\u00e9parateur de biberon connect\u00e9 sur le march\u00e9.<\/p>\n","protected":false},"featured_media":1685,"comment_status":"closed","ping_status":"closed","template":"","meta":[],"product_cat":[320],"product_tag":[],"yoast_head":"<!-- This site is optimized with the Yoast SEO plugin v18.9 - https:\/\/yoast.com\/wordpress\/plugins\/seo\/ -->\n<title>Pr\u00e9parateur de biberon Smart Bib : D\u00e9couvre votre nouvelle indispensable<\/title>\n<meta name=\"description\" content=\"Notre tout nouveau pr\u00e9parateur de biberon connect\u00e9 Smart Bib est incontournable. Il sera un gain de temps incroyable dans votre quotidien.\" \/>\n<meta name=\"robots\" content=\"index, follow, max-snippet:-1, max-image-preview:large, max-video-preview:-1\" \/>\n<link rel=\"canonical\" href=\"https:\/\/webdevconsulting.fr\/test4\/produit\/preparateur-de-biberon-smart-bib\/\" \/>\n<meta property=\"og:locale\" content=\"fr_FR\" \/>\n<meta property=\"og:type\" content=\"article\" \/>\n<meta property=\"og:title\" content=\"Pr\u00e9parateur de biberon Smart Bib : D\u00e9couvre votre nouvelle indispensable\" \/>\n<meta property=\"og:description\" content=\"Notre tout nouveau pr\u00e9parateur de biberon connect\u00e9 Smart Bib est incontournable. Il sera un gain de temps incroyable dans votre quotidien.\" \/>\n<meta property=\"og:url\" content=\"https:\/\/webdevconsulting.fr\/test4\/produit\/preparateur-de-biberon-smart-bib\/\" \/>\n<meta property=\"og:site_name\" content=\"Smart BIB\" \/>\n<meta property=\"article:modified_time\" content=\"2022-06-21T13:07:22+00:00\" \/>\n<meta property=\"og:image\" content=\"https:\/\/webdevconsulting.fr\/test4\/wp-content\/uploads\/2021\/01\/a6c49f2df079bf56bc1c7d58951a1fc424dd39306877aa5577368552329f39c4.jpg\" \/>\n\t<meta property=\"og:image:width\" content=\"1280\" \/>\n\t<meta property=\"og:image:height\" content=\"960\" \/>\n\t<meta property=\"og:image:type\" content=\"image\/jpeg\" \/>\n<meta name=\"twitter:card\" content=\"summary_large_image\" \/>\n<meta name=\"twitter:label1\" content=\"Dur\u00e9e de lecture estim\u00e9e\" \/>\n\t<meta name=\"twitter:data1\" content=\"2 minutes\" \/>\n<script type=\"application\/ld+json\" class=\"yoast-schema-graph\">{\"@context\":\"https:\/\/schema.org\",\"@graph\":[{\"@type\":\"WebSite\",\"@id\":\"https:\/\/webdevconsulting.fr\/test4\/#website\",\"url\":\"https:\/\/webdevconsulting.fr\/test4\/\",\"name\":\"Smart BIB\",\"description\":\"Un site utilisant WordPress\",\"potentialAction\":[{\"@type\":\"SearchAction\",\"target\":{\"@type\":\"EntryPoint\",\"urlTemplate\":\"https:\/\/webdevconsulting.fr\/test4\/?s={search_term_string}\"},\"query-input\":\"required name=search_term_string\"}],\"inLanguage\":\"fr-FR\"},{\"@type\":\"ImageObject\",\"inLanguage\":\"fr-FR\",\"@id\":\"https:\/\/webdevconsulting.fr\/test4\/produit\/preparateur-de-biberon-smart-bib\/#primaryimage\",\"url\":\"https:\/\/webdevconsulting.fr\/test4\/wp-content\/uploads\/2021\/01\/a6c49f2df079bf56bc1c7d58951a1fc424dd39306877aa5577368552329f39c4.jpg\",\"contentUrl\":\"https:\/\/webdevconsulting.fr\/test4\/wp-content\/uploads\/2021\/01\/a6c49f2df079bf56bc1c7d58951a1fc424dd39306877aa5577368552329f39c4.jpg\",\"width\":1280,\"height\":960,\"caption\":\"pr\u00e9parateur de biberon\"},{\"@type\":\"WebPage\",\"@id\":\"https:\/\/webdevconsulting.fr\/test4\/produit\/preparateur-de-biberon-smart-bib\/#webpage\",\"url\":\"https:\/\/webdevconsulting.fr\/test4\/produit\/preparateur-de-biberon-smart-bib\/\",\"name\":\"Pr\u00e9parateur de biberon Smart Bib : D\u00e9couvre votre nouvelle indispensable\",\"isPartOf\":{\"@id\":\"https:\/\/webdevconsulting.fr\/test4\/#website\"},\"primaryImageOfPage\":{\"@id\":\"https:\/\/webdevconsulting.fr\/test4\/produit\/preparateur-de-biberon-smart-bib\/#primaryimage\"},\"datePublished\":\"2022-06-15T12:23:29+00:00\",\"dateModified\":\"2022-06-21T13:07:22+00:00\",\"description\":\"Notre tout nouveau pr\u00e9parateur de biberon connect\u00e9 Smart Bib est incontournable. Il sera un gain de temps incroyable dans votre quotidien.\",\"breadcrumb\":{\"@id\":\"https:\/\/webdevconsulting.fr\/test4\/produit\/preparateur-de-biberon-smart-bib\/#breadcrumb\"},\"inLanguage\":\"fr-FR\",\"potentialAction\":[{\"@type\":\"ReadAction\",\"target\":[\"https:\/\/webdevconsulting.fr\/test4\/produit\/preparateur-de-biberon-smart-bib\/\"]}]},{\"@type\":\"BreadcrumbList\",\"@id\":\"https:\/\/webdevconsulting.fr\/test4\/produit\/preparateur-de-biberon-smart-bib\/#breadcrumb\",\"itemListElement\":[{\"@type\":\"ListItem\",\"position\":1,\"name\":\"Accueil\",\"item\":\"https:\/\/webdevconsulting.fr\/test4\/\"},{\"@type\":\"ListItem\",\"position\":2,\"name\":\"Boutique\",\"item\":\"https:\/\/webdevconsulting.fr\/test4\/boutique\/\"},{\"@type\":\"ListItem\",\"position\":3,\"name\":\"Smart BIB\"}]}]}<\/script>\n<!-- \/ Yoast SEO plugin. -->","yoast_head_json":{"title":"Pr\u00e9parateur de biberon Smart Bib : D\u00e9couvre votre nouvelle indispensable","description":"Notre tout nouveau pr\u00e9parateur de biberon connect\u00e9 Smart Bib est incontournable. Il sera un gain de temps incroyable dans votre quotidien.","robots":{"index":"index","follow":"follow","max-snippet":"max-snippet:-1","max-image-preview":"max-image-preview:large","max-video-preview":"max-video-preview:-1"},"canonical":"https:\/\/webdevconsulting.fr\/test4\/produit\/preparateur-de-biberon-smart-bib\/","og_locale":"fr_FR","og_type":"article","og_title":"Pr\u00e9parateur de biberon Smart Bib : D\u00e9couvre votre nouvelle indispensable","og_description":"Notre tout nouveau pr\u00e9parateur de biberon connect\u00e9 Smart Bib est incontournable. Il sera un gain de temps incroyable dans votre quotidien.","og_url":"https:\/\/webdevconsulting.fr\/test4\/produit\/preparateur-de-biberon-smart-bib\/","og_site_name":"Smart BIB","article_modified_time":"2022-06-21T13:07:22+00:00","og_image":[{"width":1280,"height":960,"url":"https:\/\/webdevconsulting.fr\/test4\/wp-content\/uploads\/2021\/01\/a6c49f2df079bf56bc1c7d58951a1fc424dd39306877aa5577368552329f39c4.jpg","type":"image\/jpeg"}],"twitter_card":"summary_large_image","twitter_misc":{"Dur\u00e9e de lecture estim\u00e9e":"2 minutes"},"schema":{"@context":"https:\/\/schema.org","@graph":[{"@type":"WebSite","@id":"https:\/\/webdevconsulting.fr\/test4\/#website","url":"https:\/\/webdevconsulting.fr\/test4\/","name":"Smart BIB","description":"Un site utilisant WordPress","potentialAction":[{"@type":"SearchAction","target":{"@type":"EntryPoint","urlTemplate":"https:\/\/webdevconsulting.fr\/test4\/?s={search_term_string}"},"query-input":"required name=search_term_string"}],"inLanguage":"fr-FR"},{"@type":"ImageObject","inLanguage":"fr-FR","@id":"https:\/\/webdevconsulting.fr\/test4\/produit\/preparateur-de-biberon-smart-bib\/#primaryimage","url":"https:\/\/webdevconsulting.fr\/test4\/wp-content\/uploads\/2021\/01\/a6c49f2df079bf56bc1c7d58951a1fc424dd39306877aa5577368552329f39c4.jpg","contentUrl":"https:\/\/webdevconsulting.fr\/test4\/wp-content\/uploads\/2021\/01\/a6c49f2df079bf56bc1c7d58951a1fc424dd39306877aa5577368552329f39c4.jpg","width":1280,"height":960,"caption":"pr\u00e9parateur de biberon"},{"@type":"WebPage","@id":"https:\/\/webdevconsulting.fr\/test4\/produit\/preparateur-de-biberon-smart-bib\/#webpage","url":"https:\/\/webdevconsulting.fr\/test4\/produit\/preparateur-de-biberon-smart-bib\/","name":"Pr\u00e9parateur de biberon Smart Bib : D\u00e9couvre votre nouvelle indispensable","isPartOf":{"@id":"https:\/\/webdevconsulting.fr\/test4\/#website"},"primaryImageOfPage":{"@id":"https:\/\/webdevconsulting.fr\/test4\/produit\/preparateur-de-biberon-smart-bib\/#primaryimage"},"datePublished":"2022-06-15T12:23:29+00:00","dateModified":"2022-06-21T13:07:22+00:00","description":"Notre tout nouveau pr\u00e9parateur de biberon connect\u00e9 Smart Bib est incontournable. Il sera un gain de temps incroyable dans votre quotidien.","breadcrumb":{"@id":"https:\/\/webdevconsulting.fr\/test4\/produit\/preparateur-de-biberon-smart-bib\/#breadcrumb"},"inLanguage":"fr-FR","potentialAction":[{"@type":"ReadAction","target":["https:\/\/webdevconsulting.fr\/test4\/produit\/preparateur-de-biberon-smart-bib\/"]}]},{"@type":"BreadcrumbList","@id":"https:\/\/webdevconsulting.fr\/test4\/produit\/preparateur-de-biberon-smart-bib\/#breadcrumb","itemListElement":[{"@type":"ListItem","position":1,"name":"Accueil","item":"https:\/\/webdevconsulting.fr\/test4\/"},{"@type":"ListItem","position":2,"name":"Boutique","item":"https:\/\/webdevconsulting.fr\/test4\/boutique\/"},{"@type":"ListItem","position":3,"name":"Smart BIB"}]}]}},"_links":{"self":[{"href":"https:\/\/webdevconsulting.fr\/test4\/wp-json\/wp\/v2\/product\/2543"}],"collection":[{"href":"https:\/\/webdevconsulting.fr\/test4\/wp-json\/wp\/v2\/product"}],"about":[{"href":"https:\/\/webdevconsulting.fr\/test4\/wp-json\/wp\/v2\/types\/product"}],"replies":[{"embeddable":true,"href":"https:\/\/webdevconsulting.fr\/test4\/wp-json\/wp\/v2\/comments?post=2543"}],"wp:featuredmedia":[{"embeddable":true,"href":"https:\/\/webdevconsulting.fr\/test4\/wp-json\/wp\/v2\/media\/1685"}],"wp:attachment":[{"href":"https:\/\/webdevconsulting.fr\/test4\/wp-json\/wp\/v2\/media?parent=2543"}],"wp:term":[{"taxonomy":"product_cat","embeddable":true,"href":"https:\/\/webdevconsulting.fr\/test4\/wp-json\/wp\/v2\/product_cat?post=2543"},{"taxonomy":"product_tag","embeddable":true,"href":"https:\/\/webdevconsulting.fr\/test4\/wp-json\/wp\/v2\/product_tag?post=2543"}],"curies":[{"name":"wp","href":"https:\/\/api.w.org\/{rel}","templated":true}]}}